 of 16 and 13448?
8
What is the highest common divisor of 371 and 7?
7
Calculate the greatest common factor of 16 and 13760.
16
Calculate the highest common factor of 28 and 49.
7
Calculate the highest common divisor of 144 and 54.
18
Calculate the highest common divisor of 560 and 1456.
112
What is the greatest common factor of 60 and 80?
20
Calculate the highest common factor of 2 and 281.
1
What is the greatest common divisor of 50 and 1550?
50
Calculate the greatest common divisor of 95 and 3325.
95
What is the greatest common divisor of 81 and 108?
27
What is the highest common factor of 1680 and 105?
105
What is the highest common divisor of 7 and 29274?
7
Calculate the greatest common divisor of 10449 and 172.
43
Calculate the greatest common factor of 5000 and 8.
8
What is the greatest common factor of 4 and 356?
4
What is the highest common factor of 60 and 2090?
10
Calculate the highest common divisor of 34 and 8942.
34
What is the highest common factor of 488 and 312?
8
What is the greatest common factor of 243 and 162?
81
Calculate the highest common factor of 1778 and 381.
127
What is the highest common divisor of 72 and 24?
24
Calculate the greatest common divisor of 185 and 45.
5
What is the highest common divisor of 65 and 1092?
13
Calculate the highest common divisor of 416 and 1469.
13
What is the highest common divisor of 11601 and 9?
9
What is the greatest common factor of 84 and 60?
12
Calculate the highest common divisor of 92 and 253.
23
What is the highest common divisor of 140 and 448?
28
Calculate the greatest common divisor of 370 and 50.
10
Calculate the highest common factor of 110 and 726.
22
Calculate the greatest common factor of 273 and 672.
21
Calculate the greatest common divisor of 110 and 352.
22
Calculate the highest common divisor of 3070 and 110.
10
Calculate the greatest common factor of 800 and 96.
32
What is the highest common factor of 28 and 3458?
14
What is the greatest common factor of 176 and 11?
11
What is the highest common divisor of 160 and 35?
5
Calculate the greatest common divisor of 18 and 162.
18
What is the highest common divisor of 17920 and 240?
80
What is the greatest common divisor of 6298 and 282?
94
Calculate the highest common divisor of 80 and 2312.
8
Calculate the greatest common divisor of 12 and 642.
6
Calculate the greatest common factor of 88 and 66.
22
What is the greatest common factor of 936 and 18?
18
Calculate the greatest common factor of 30 and 222.
6
What is the greatest common divisor of 152 and 3116?
76
Calculate the greatest common factor of 130 and 970.
10
What is the greatest common factor of 261 and 58?
29
Calculate the highest common factor of 145 and 2.
1
What is the greatest common divisor of 3 and 39?
3
What is the greatest common factor of 35 and 21?
7
Calculate the highest common divisor of 48 and 80.
16
Calculate the highest common factor of 1860 and 15.
15
What is the greatest common factor of 188 and 141?
47
What is the highest common factor of 1225 and 245?
245
Calculate the highest common factor of 64 and 16.
16
What is the greatest common divisor of 1885 and 39?
13
Calculate the greatest common divisor of 1 and 256.
1
Calculate the highest common factor of 153 and 187.
17
What is the highest common factor of 2443 and 7?
7
Calculate the highest common factor of 45208 and 8.
8
Calculate the highest common divisor of 444 and 814.
74
Calculate the greatest common factor of 41 and 41.
41
What is the highest common divisor of 3075 and 75?
75
What is the greatest common factor of 2938 and 8?
2
What is the highest common factor of 4 and 40?
4
What is the greatest common factor of 923 and 26?
13
What is the greatest common factor of 806 and 234?
26
What is the greatest common factor of 1 and 2569?
1
What is the highest common factor of 2619 and 27?
27
Calculate the highest common factor of 17 and 799.
17
Calculate the greatest common factor of 867 and 2652.
51
Calculate the greatest common factor of 107 and 963.
107
What is the greatest common factor of 407 and 253?
11
Calculate the greatest common factor of 7317 and 18.
9
Calculate the greatest common divisor of 782 and 46.
46
What is the highest common factor of 4 and 212?
4
Calculate the highest common divisor of 10240 and 720.
80
What is the highest common divisor of 168 and 5656?
56
Calculate the greatest common factor of 81 and 9.
9
Calculate the greatest common divisor of 190 and 76.
38
Calculate the greatest common divisor of 4833 and 243.
27
What is the greatest common factor of 13 and 1209?
13
What is the greatest common factor of 423 and 18?
9
What is the highest common divisor of 1217 and 1?
1
Calculate the greatest common divisor of 21 and 861.
21
Calculate the highest common factor of 3848 and 26.
26
What is the highest common divisor of 168 and 72?
24
What is the highest common divisor of 56 and 7490?
14
Calculate the greatest common factor of 65 and 15.
5
Calculate the greatest common divisor of 181 and 11041.
181
Calculate the highest common factor of 256 and 544.
32
Calculate the highest common factor of 23 and 22103.
23
Calculate the highest common factor of 4 and 32.
4
What is the greatest common divisor of 14 and 5726?
14
Calculate the greatest common divisor of 1396 and 2.
2
What is the highest common divisor of 6994 and 104?
26
What is the highest common divisor of 18 and 118?
2
Calculate the greatest common divisor of 70 and 23170.
70
Calculate the highest common divisor of 1325 and 25.
25
Calculate the greatest common factor of 620 and 4712.
124
What is the highest common factor of 159 and 8586?
159
Calculate the greatest common factor of 260 and 2240.
20
What is the greatest common factor of 112 and 3152?
16
What is the greatest common factor of 24582 and 68?
34
Calculate the greatest common factor of 81 and 18.
9
Calculate the highest common factor of 927 and 103.
103
What is the greatest common factor of 30874 and 172?
86
Calculate the greatest common factor of 3416 and 98.
14
What is the highest common factor of 59 and 1829?
59
Calculate the highest common factor of 53 and 3.
1
What is the greatest common factor of 10 and 710?
10
What is the highest common divisor of 34 and 2?
2
What is the highest common factor of 6 and 87?
3
What is the greatest common divisor of 117 and 39?
39
What is the greatest common factor of 1175 and 141?
47
Calculate the highest common factor of 80 and 1296.
16
What is the highest common divisor of 1881 and 99?
99
Calculate the greatest common divisor of 1595 and 1760.
55
What is the greatest common divisor of 36 and 2316?
12
Calculate the greatest common divisor of 40 and 140.
20
What is the highest common divisor of 6419 and 21?
7
What is the greatest common divisor of 4000 and 4250?
250
What is the greatest common factor of 1030 and 10?
10
Calculate the highest common factor of 24 and 228.
12
Calculate the highest common divisor of 234 and 10179.
117
What is the greatest common factor of 2362 and 2?
2
Calculate the highest common factor of 63 and 2058.
21
Calculate the greatest common factor of 30 and 75.
15
What is the greatest common factor of 208 and 52?
52
What is the greatest common divisor of 450 and 108?
18
Calculate the highest common divisor of 28 and 14.
14
What is the highest common factor of 640 and 768?
128
What is the highest common divisor of 80 and 128?
16
What is the highest common factor of 136 and 425?
17
Calculate the highest common factor of 2244 and 5304.
204
Calculate the highest common factor of 994 and 14.
14
What is the highest common factor of 299 and 1183?
13
Calculate the greatest common divisor of 60 and 75.
15
Calculate the greatest common divisor of 4734 and 36.
18
What is the highest common divisor of 160 and 4?
4
What is the highest common factor of 438 and 4234?
146
Calculate the greatest common factor of 60 and 160.
20
What is the greatest common divisor of 6960 and 390?
30
Calculate the highest common factor of 34 and 3791.
17
What is the highest common divisor of 464 and 203?
29
Calculate the greatest common divisor of 100 and 160.
20
What is the greatest common divisor of 152 and 56?
8
What is the greatest common factor of 35 and 5?
5
Calculate the greatest common factor of 13860 and 825.
165
What is the g